re the prime factors of f?
2
Let a be (5068/(-56))/(-1 - 33/(-30)). Let k = 846 - a. List the prime factors of k.
17, 103
Suppose 13*n = 17*n + 22*n - 382200. What are the prime factors of n?
2, 3, 5, 7
Let m be 2 - (-3922 + 5 + 4). Suppose 11*v + 16*v = m. What are the prime factors of v?
5, 29
Let y be (-16)/(-2) + 3*-1. Suppose -3*o - 35 = y*l, 0*l + 4*o = -3*l - 32. What are the prime factors of (-2)/l + (-920)/(-16)?
2, 29
Let w(i) = 22*i**2 + 829*i + 27. What are the prime factors of w(-46)?
3, 5, 563
Let x(q) = 104*q + 3. Let c(g) = -g**3 + 6*g**2 - 6*g + 8. Let o be c(5). List the prime factors of x(o).
3, 5, 7
Suppose 5*l + 153576 = 4*r - r, -3*l = 0. Suppose 0 = -6*i - 48*i + r. List the prime factors of i.
2, 3, 79
Suppose 11120 = 17*c + 3*c. List the prime factors of c.
2, 139
List the prime factors of (-11260)/(-12)*516/215.
2, 563
Suppose -52 = 5*v - 9*v. Suppose -4*y - 141 = -3*z, v*z - 12*z - 4*y = 55. List the prime factors of z.
43
Suppose 0 = 29*i - 28*i - 13. Let u be 6 - (-1 + (-3 - 0)). List the prime factors of (-4745)/i*(-4)/u.
2, 73
Let u(g) = 14*g**3 + g**2 + 5*g. Let c be u(4). Let i = -59 + 54. List the prime factors of c/20 + 3/i.
2, 23
Let h(w) be the second derivative of -27*w**5/10 - w**4/3 - 4*w**3/3 - w**2 + 13*w. List the prime factors of h(-2).
2, 5, 43
Suppose -2*f + 2*g + 3*g - 56 = 0, -24 = 2*f + 3*g. Let j = -15 - f. Suppose 6*q - 2*q = -j*x + 449, x - 5*q - 137 = 0. List the prime factors of x.
3, 7
Suppose 459409 + 75389 = 60*f - 759162. What are the prime factors of f?
2, 41, 263
Suppose -16*o + 669 = -227. What are the prime factors of (o/32)/(7/1148)?
7, 41
Suppose 5*y - 85189 = -19459. List the prime factors of 3 + y/35 + 4/10.
379
Let d be 3/(-3) + 0 - -897. Suppose d = 14*o - 112. List the prime factors of o.
2, 3
Suppose 57053 = 23*k - 85432. What are the prime factors of k?
3, 5, 7, 59
Let h = -3344 - -4164. What are the prime factors of h?
2, 5, 41
Suppose 2*r + 10 - 14 = 0. List the prime factors of (-7)/(84/16)*(-471)/r.
2, 157
List the prime factors of 172782/4*896/2016.
2, 29, 331
Let d = -197 + 200. Suppose d*z - 2111 = -722. What are the prime factors of z?
463
Let o be (-3 - -5 - 1)*0. Suppose o = -8*u + 286 - 62. What are the prime factors of (-4)/u + (-575)/(-7)?
2, 41
Suppose -6*p + 3389 = 1127. Let k = p - 57. What are the prime factors of k?
2, 5
Let j be ((-14)/4)/(53/(-1696)). Let d = 174 + j. List the prime factors of d.
2, 11, 13
Let m = 85821 + -40496. List the prime factors of m.
5, 7, 37
Suppose 0 = 112*f - 123*f + 895389. List the prime factors of f.
3, 43, 631
Suppose 10146 = 4*v - 17934. Suppose -21*r - v = -34*r. What are the prime factors of r?
2, 3, 5
Let n(j) = -3*j**2 - 228*j + 131. What are the prime factors of n(-72)?
5, 199
Let b be (18/12)/(6/88). Suppose 0 = -3*s + 5*s - 5*i + b, -3*i = -4*s - 30. What are the prime factors of ((-4)/s)/((-4)/(-618))?
103
Let t be (4887/18)/((-2)/(-28)) + -3. Suppose 5*l + 648 = t. List the prime factors of l.
2, 3, 5, 7
Suppose -36*t + 30367 = -124833 - 11948. What are the prime factors of t?
4643
Let c(u) = -u**3 - 6*u**2 + u + 3. Let b be c(-6). Let o be (-2)/b - (-114)/18. Suppose o*i + 4*i = 1133. What are the prime factors of i?
103
Let v = -36 - -36. Suppose 30 = c - v. Suppose h - c = 9. What are the prime factors of h?
3, 13
Let d = -2969 - -17445. What are the prime factors of d?
2, 7, 11, 47
Suppose -1043*f + 1047*f - 6340 = 0. Let w = 172 + f. List the prime factors of w.
7, 251
Let v = -978 + 982. Suppose v*z - 2484 = -2*z. List the prime factors of z.
2, 3, 23
Suppose -227667 = 17*i - 50*i. What are the prime factors of i?
6899
Let o be 5/((4 + -2)/8). Let p = -4486 + 4488. What are the prime factors of (p + o)/(-1 + 6/2)?
11
Let z(n) = 10*n**2 + 60*n - 160. List the prime factors of z(48).
2, 5, 7, 23
Let y = -2 + 6. Let u be 3*1/4*y. Suppose 0 = -u*f + 133 - 28. List the prime factors of f.
5, 7
What are the prime factors of (0 - 4)*5478075/(-1164)?
3, 5, 251
Let n(m) be the first derivative of -39*m**2/2 - 81*m + 26. What are the prime factors of n(-10)?
3, 103
Let x(o) = 3776*o - 6246. What are the prime factors of x(15)?
2, 3, 37, 227
Let t = 47 - 49. Let j(k) = -41*k**3 - 2*k**2 + k - 1. Let u be j(t). Let z = -203 + u. What are the prime factors of z?
2, 3, 19
Suppose p + l - 26645 = 0, 2*p + 47*l = 52*l + 53262. What are the prime factors of p?
26641
Suppose -141*a + 179808 = 28092. List the prime factors of a.
2, 269
Suppose 4*p - 2*q - 950 = 0, 5*q - 681 - 469 = -5*p. Let g(r) = 25*r + 2. Let j be g(4). What are the prime factors of j/(-8)*(p/(-15) + 5)?
2, 17
Let a(l) = 1133*l**2 + 536*l - 2763. What are the prime factors of a(5)?
2, 3, 523
Let b = 22709 + -8035. List the prime factors of b.
2, 11, 23, 29
Suppose 58*i + 31*i - 103417 = 47972. List the prime factors of i.
3, 7
Suppose 3*u + 5*p + 37 = 0, 5*u + 67 = -5*p + 2. List the prime factors of (63/u + -4)*-164.
2, 17, 41
Let u = -15 + 27. Suppose u*s - 32 = 4. Suppose -s*j - 5*j = -832. What are the prime factors of j?
2, 13
Let d = 4763 + 1811. List the prime factors of d.
2, 19, 173
Let v be (8/16 - 0)*2. Suppose -2060 = a - 3*i, -4*i - 4156 = 2*a - i. What are the prime factors of (-5)/(60/a) + v/3?
173
Let z = 463 + -473. Let x = 269 + z. List the prime factors of x.
7, 37
Let k = 182303 - 109266. List the prime factors of k.
73037
Let a(o) = 5*o - 1. Let z be a(-1). Let s(g) = g**3 + 6*g**2 - 5*g + 2. Let r be s(z). Let b = -29 + r. List the prime factors of b.
3
List the prime factors of ((-3480)/928 + (-14)/(-8))/((-2)/35162).
2, 17581
Let b(m) = -m**3 - 6*m**2 - 3*m - 16. Let k be b(-6). Suppose -3*l - k*l + 2*a = -3673, -4*l + 2940 = -2*a. List the prime factors of l.
733
Let c(j) = 4 + 3*j**2 - 13*j**2 - 8*j**2 - 64*j + 61*j. Let p be c(2). Let y = p - -170. List the prime factors of y.
2, 3
Suppose 5*s - 3*v = -67 + 7, -3*s = v + 22. Let p be 0*(s/3)/(-6). Suppose p*x + 1458 = 9*x. List the prime factors of x.
2, 3
Let s(w) = 495*w + 3004. What are the prime factors of s(18)?
2, 7, 23, 37
Let k(j) = j**2 + 20*j + 3. Let x be k(0). Suppose q + x*f = 129, -2*q + 261 - 1 = 4*f. List the prime factors of q.
2, 3, 11
Let b(u) = u**3 - 11*u**2 + 13*u - 30. Let x be b(17). Suppose -4*q = -875 - x. Suppose -7*n + 2*n + q = 0. What are the prime factors of n?
2, 5, 7
Suppose 0 = -6*q + 7*q + 42. Let m = q - -44. Suppose -m*z - 33 = -277. List the prime factors of z.
2, 61
List the prime factors of (-204)/(-10)*5*1304/16.
3, 17, 163
Let a be (114629/237)/((-2)/(-18)). Suppose i - 1463 = -0*i - 3*q, -3*q = -3*i + a. List the prime factors of i.
2, 727
Let l = 525 - 523. What are the prime factors of (-608 - 13)/((-3)/l)?
2, 3, 23
Let u = -3427 + 15595. What are the prime factors of u?
2, 3, 13
Let f = -19 + 28. Let k(o) = 33*o + 34*o + 25*o - 3 - 86*o. What are the prime factors of k(f)?
3, 17
Let h(k) = 696*k**2 - 18*k - 17. Let w be h(-1). What are the prime factors of w*2 - 36/(-4)?
23, 61
Suppose -f = 5*r + 13, 5*f + 10*r = 14*r + 22. Let o be 5/(-10) - (1849/(-2) + 0). Suppose -8*y = -f*y - o. What are the prime factors of y?
2, 7, 11
Suppose -284 = 5*k + y - 5*y, 5*k + 282 = 2*y. Let m = 73 + k. Suppose 121 = 3*c - m. What are the prime factors of c?
2, 23
Suppose -5*i + 36320 = -d, -2*i - 3*d + 14528 = -11*d. What are the prime factors of i?
2, 227
Suppose -3*a - 7 - 8 = 2*n, 4*n + 24 = -4*a. Let x be (3 - a)*(-8)/(-6). Let p = x - 4. List the prime factors of p.
2
Let r(d) = -113*d + 222. List the prime factors of r(-10).
2, 13
Let g = 878 + -424. Suppose 3*j - 331 + 55 = 3*f, -5*f = -3*j + g. Let p = 10 - f. List the prime factors of p.
3, 11
Suppose -64*n + 22392 + 215176 = 0. List the prime factors of n.
2, 29
Let p = 59712 + -17868. List the prime factors of p.
2, 3, 11, 317
Let l = 44 - 46. List the prime factors of (-327)/(-1) - (-7 + (-6)/l).
331
Suppose 2*z + 30 = 3*n, -2*z + 5*z = 3*n - 45. Let v = z - -20. Suppose -v*g - 60 = -200. List the prime factors of g.
2, 7
Let p = -87 + 29. Let q = p - -25. What are the prime factors of ((-6)/5)/(q/1430)?
2, 13
Let q = -6700 + 30074. List the prime factors of q.
2, 13, 29, 31
Suppose -5*a + 3*h = 645, -12 = -a - h - 133. Let o be (4/12 - 0)/((-2)/a). List the prime factors of (45/(-4)